der when b is divided by j?
22
Suppose 348 = 5*a - 5302. Suppose -30*l - a = -40*l. Suppose -3*z + 84 + 33 = 4*q, -3*q + 94 = -4*z. Calculate the remainder when l is divided by q.
23
Let v = 13978 + -13561. What is the remainder when 849 is divided by v?
15
Let v = 497 + -493. Suppose j - v*j + f = -22, 0 = 5*j + 4*f - 31. Calculate the remainder when 53 is divided by j.
4
Suppose 0 = -4*v - 2*p + 11694, 8*p - 8738 = -3*v + 13*p. Calculate the remainder when v is divided by 34.
31
Let k = -38 + 56. Suppose x + 54 = -r + 177, -16 = -8*r. Calculate the remainder when x is divided by k.
13
Suppose 3*o + 4*o + 245 = 0. Let c = o - -38. Suppose 3*v + c*z = z + 19, -4*v = 2*z - 24. Calculate the remainder when 19 is divided by v.
4
Let a = -27620 - -30345. Calculate the remainder when a is divided by 19.
8
Suppose p = 5*o - 1047, 3*o + 85 - 702 = -5*p. Let m be (-13)/(78/(-3808)) - 12/(-9). Suppose 6*d + 6*d - m = 0. Calculate the remainder when o is divided by d.
50
Let u(x) = -9*x + 18. Let j be u(-4). Let t = -59 + j. Calculate the remainder when 18 + -1 - 20/t is divided by 8.
5
Let m = 1505 - 884. Let p = 1059 - m. Calculate the remainder when p is divided by 88.
86
Let b(s) = 11*s**2 - 112*s + 27. Let f be b(13). Suppose -38 = -9*k + f. What is the remainder when 175 is divided by k?
19
Let u = 71 - 86. Let w(k) = 12*k - 29. What is the remainder when w(19) is divided by -1*3*(3 + 245/u)?
39
Suppose -3*w - 3*n + 58 = -2*w, -3*w + 124 = -n. Calculate the remainder when 167 is divided by w.
38
Let h = 11447 - 11364. Calculate the remainder when 228 is divided by h.
62
Let j = 9777 - 9616. What is the remainder when j is divided by 149?
12
Suppose 0 = 289*k - 283*k - 2760. Let s = k - -24. Calculate the remainder when s is divided by 61.
57
Suppose 16573 = 62*a - 23068 + 10315. Calculate the remainder when a is divided by 93.
8
Let l be ((6 - 6) + 10)/2. Suppose -3*p = -6*p - 5*i + 251, 0 = 4*p + l*i - 343. What is the remainder when p is divided by 48?
44
Let i = -53 + 95. Let n = -219 + 220. What is the remainder when i is divided by 24 - n/((-6 - -4)/(-2))?
19
Suppose -3*x - 5 = -107. Let s = 1387 + -1378. Calculate the remainder when x is divided by s.
7
Suppose 11*y - 7*y = 5*w + 28, 5*y + 2 = -3*w. Suppose -y*m = -2*g + 40, 6*g + 3*m = 7*g - 22. Calculate the remainder when 37 is divided by g.
18
Suppose -35*i = -38*i + 171. What is the remainder when i + -10 - 3/(-1) is divided by 17?
16
Let w be (-8 - 6777/36)*4. Let g = w - -931. What is the remainder when g is divided by 14?
6
Let c(j) = -148*j + 6. Let b be c(1). Let d = 166 + b. Calculate the remainder when 69 is divided by d.
21
Let a = -13545 - -16164. Calculate the remainder when a is divided by 43.
39
Suppose 5*g = 3*p - 4*p + 128, -g + 640 = 5*p. Suppose 59*f - 56*f - 102 = 3*h, 5*f + 5*h - 260 = 0. What is the remainder when p is divided by f?
42
Suppose -36 = 6*l - 288. Suppose -41*u + l*u = 3. Let z(m) = m**3 + 6*m**2 + 5*m + 7. Calculate the remainder when z(-5) is divided by u.
1
Suppose -3*i = 5*m + 11, 0*i - 2*m - 11 = -i. Suppose -2*t + 11 = -i. Suppose -6*p = 2*p - 40. What is the remainder when t is divided by p?
2
Let x(l) = 3*l - 17. Suppose -2*t + t = 4. What is the remainder when ((-2)/t)/(15/660) is divided by x(7)?
2
Suppose -118*l + 115*l + 108 = 0. Suppose 7*w = -l + 57. Suppose w*i - 4*j - 124 = 0, -3*j + 215 = 5*i - 8*j. Calculate the remainder when i is divided by 13.
9
Let b = -842 + 844. Calculate the remainder when 435 is divided by b*4 + -105 + 207.
105
Suppose 4*l - 2*y = -0*y + 36, 0 = -3*l + 2*y + 29. Suppose -3*z - 13*z = -400. What is the remainder when z is divided by l?
4
Suppose w - 7 = -2. Suppose -b = w*h - 74, 4*h - 166 = -4*b + 2*b. Let a(o) = -3*o**2 - 15*o + 90. Calculate the remainder when b is divided by a(-8).
17
Let i(w) = -274*w - 1907. Let f = 31 - 11. Calculate the remainder when f is divided by i(-7).
9
Let w = -4993 + 5274. What is the remainder when w is divided by 159?
122
Let d(b) be the third derivative of 0*b**4 + 1/30*b**5 + 0 - 7*b**2 - 11/6*b**3 + 0*b. What is the remainder when d(6) is divided by 21?
19
Let i(w) = w**3 - 10*w**2 - 16*w + 24. Let y be i(13). Let s = y - 256. What is the remainder when 535 is divided by s?
66
Let q be 4*12/80*5. Suppose 2*f + 63 = -q*a + 5*f, 0 = 4*a + 5*f + 75. Calculate the remainder when 46 is divided by (-12)/a - 87/(-5).
10
Let c(z) = 44*z**3 - 4*z**2 + 50*z - 47. What is the remainder when 550 is divided by c(1)?
34
Let l(g) = -7*g**2 + 4*g + 39. Let q be l(13). Calculate the remainder when q/(-56)*(-14)/(-3) is divided by 24.
19
Suppose -3*l + 209 = -145. Suppose -3*h + l = -3*g + 28, -2*g = -h + 33. Suppose 13*q + 5*q = 1854. What is the remainder when q is divided by h?
22
Suppose -5*j + 4*j = -5*u + 39, -3*u + 27 = 3*j. Calculate the remainder when 15/(-20) - (-306)/24 is divided by u.
4
Let q = 877 - 861. Suppose 4*v = -q, 62 + 284 = 2*g - 3*v. What is the remainder when g is divided by 21?
20
Let g(i) = 62*i + 1784. Calculate the remainder when 346 is divided by g(-27).
16
Let j(p) = -3*p**2 - 8*p - 94. Let f(n) = -8*n**2 - 14*n - 187. Let l(c) = -2*f(c) + 5*j(c). Calculate the remainder when l(-19) is divided by 8.
5
Let m(z) = 17*z + 11. Let t = -126 - -44. Let c = -74 - t. What is the remainder when m(c) is divided by 38?
33
Let c(d) = -d + 4. Let v(p) = 6*p + 173. Let x be v(43). Let b = 433 - x. What is the remainder when c(0) is divided by b?
0
Suppose -3*f + f = -276. Suppose 33 = -2*z + 51. Suppose -61 + 16 = -3*a - r, 0 = -3*r + z. Calculate the remainder when f is divided by a.
12
Let k be 3 - (4 - (-8)/(-2)). Suppose -d + 8 = k*d. Suppose d*b = 3*b - 27. Calculate the remainder when b is divided by 10.
7
Let w = 3501 + -3421. Calculate the remainder when 238 is divided by w.
78
Suppose -146*v + 1134 = -144*v - 4*n, -3*v = 5*n - 1690. Calculate the remainder when v is divided by 16.
5
Let l(f) = -1 + 1 + 29*f - 72*f. Calculate the remainder when l(-1) is divided by 25.
18
Let a(k) = k**2 + 3*k. What is the remainder when (-11 + 544/48)/((-7)/12)*-35 is divided by a(-4)?
0
Let f(v) = v**3 + 53*v**2 - 131*v - 329. What is the remainder when f(-55) is divided by 410?
6
Let z be ((-130)/(-39) - 6)/((-2)/(-138)). What is the remainder when (-10)/(z/56 + 3) is divided by 20?
15
Let s be 4/(40/26) + (-9)/15. Let x be (3/2)/(s/28). Let z = x + 15. Calculate the remainder when 70 is divided by z.
34
Suppose -218 = 93*k - 497. Let q = 166 + -96. What is the remainder when q is divided by k?
1
Let o = -1984 - -2113. What is the remainder when 639 is divided by o?
123
Suppose 4*a = -3*q + 79, 2*q - 4*a - 47 = -a. Let p(u) = 5*u - 3*u + 121 - 30 - 50. What is the remainder when q is divided by p(-14)?
12
Let p = -2738 + 2756. Calculate the remainder when 41 is divided by p.
5
Let c = -12723 + 12734. What is the remainder when -1 + (-30)/(-9)*66 is divided by c?
10
Let w = -3531 - -3662. Calculate the remainder when 345 is divided by w.
83
Suppose 6*u - 23*u - 151*u = -35952. What is the remainder when u is divided by 2?
0
Suppose -22*j + 1631 = -195. Calculate the remainder when 172 is divided by j.
6
Calculate the remainder when 4426 is divided by (-4)/(-26) - ((-3868)/208 - (-126)/(-56)).
16
Let t(w) = 8*w**2 + 5*w - 31. Let z be t(6). Let j = 312 - z. Calculate the remainder when j is divided by 6.
1
Suppose -4*x = -4*o - 108, 0 = 4*x - 0*o - 5*o - 113. Let b = x - 8. Let y(i) = 26*i**2 - 2. What is the remainder when y(-1) is divided by b?
10
Let s = 15 - 7. Let v(m) = -3*m - 4. Let u be v(0). Calculate the remainder when 15 + (-2 - (-2)/u*2) is divided by s.
4
Let m = -2480 + 2583. Calculate the remainder when m is divided by 42.
19
Suppose 5*u + 2*o - 33 = 0, u - 4*o = -3*o + 1. Calculate the remainder when 94 is divided by (-6 + u)/((-1)/24).
22
Let v = 11407 - 11381. What is the remainder when 232 is divided by v?
24
Let y(a) = -28*a - 1647. Calculate the remainder when 1446 is divided by y(-64).
141
What is the remainder when 4/(-5) + 2592/15 + 80/(-10) is divided by 87?
77
Let o = 193 - 18. Let m be (-457)/(-7) + -5*10/o. Suppose m = 7*f + 2. What is the remainder when f is divided by 6?
3
Suppose -4*t + 85 = t. Let v(b) be the third derivative of b**5/60 - 13*b**4/24 